{"id":62,"date":"2021-02-27T10:52:05","date_gmt":"2021-02-27T09:52:05","guid":{"rendered":"http:\/\/modumpistolklubb.no\/?page_id=62"},"modified":"2024-10-28T22:14:43","modified_gmt":"2024-10-28T20:14:43","slug":"styret","status":"publish","type":"page","link":"https:\/\/www.modumpistolklubb.no\/index.php\/styret\/","title":{"rendered":"Styret"},"content":{"rendered":"\n<figure class=\"wp-block-table is-style-stripes\"><table class=\"has-fixed-layout\"><tbody><tr><td>Rolle<\/td><td>Navn<\/td><td>E-post<\/td><\/tr><tr><td>Leder<\/td><td>Roy-Arne Larsen<\/td><td><a href=\"mailto:leder@modumpistolklubb.no\">Send meg e-post!<\/a><\/td><\/tr><tr><td>Nestleder<\/td><td>Raymond Aanrud<\/td><td><a href=\"mailto:nestleder@modumpistolklubb.no\">Send meg e-post!<\/a><\/td><\/tr><tr><td>Styremedlem<\/td><td>Tor Sverre Engen<\/td><td><a href=\"mailto:styremedlem1@modumpistolklubb.no\">Send meg e-post!<\/a><\/td><\/tr><\/tbody><\/table><figcaption class=\"wp-element-caption\">OBS! E-post adressene er ikke synlige. Du m\u00e5 klikke p\u00e5 &laquo;Send meg en e-post!&raquo; for \u00e5 f\u00e5 opp maildialogen. <br>Det er ogs\u00e5 mulighet til \u00e5 benytte <a href=\"https:\/\/www.modumpistolklubb.no\/index.php\/kontakt-oss\/\">kontaktskjemaet &laquo;Kontakt Oss&raquo;<\/a><\/figcaption><\/figure>\n\n\n\n<p><\/p>\n\n\n\n<p><\/p>\n","protected":false},"excerpt":{"rendered":"<p>Rolle Navn E-post Leder Roy-Arne Larsen Send meg e-post! Nestleder Raymond Aanrud Send meg e-post! Styremedlem Tor Sverre Engen Send meg e-post! OBS! E-post adressene &hellip; <\/p>\n","protected":false},"author":1,"featured_media":0,"parent":0,"menu_order":0,"comment_status":"closed","ping_status":"closed","template":"","meta":{"footnotes":""},"class_list":["post-62","page","type-page","status-publish","hentry"],"_links":{"self":[{"href":"https:\/\/www.modumpistolklubb.no\/index.php\/wp-json\/wp\/v2\/pages\/62","targetHints":{"allow":["GET"]}}],"collection":[{"href":"https:\/\/www.modumpistolklubb.no\/index.php\/wp-json\/wp\/v2\/pages"}],"about":[{"href":"https:\/\/www.modumpistolklubb.no\/index.php\/wp-json\/wp\/v2\/types\/page"}],"author":[{"embeddable":true,"href":"https:\/\/www.modumpistolklubb.no\/index.php\/wp-json\/wp\/v2\/users\/1"}],"replies":[{"embeddable":true,"href":"https:\/\/www.modumpistolklubb.no\/index.php\/wp-json\/wp\/v2\/comments?post=62"}],"version-history":[{"count":16,"href":"https:\/\/www.modumpistolklubb.no\/index.php\/wp-json\/wp\/v2\/pages\/62\/revisions"}],"predecessor-version":[{"id":1432,"href":"https:\/\/www.modumpistolklubb.no\/index.php\/wp-json\/wp\/v2\/pages\/62\/revisions\/1432"}],"wp:attachment":[{"href":"https:\/\/www.modumpistolklubb.no\/index.php\/wp-json\/wp\/v2\/media?parent=62"}],"curies":[{"name":"wp","href":"https:\/\/api.w.org\/{rel}","templated":true}]}}