{"id":167,"date":"2021-05-23T13:15:55","date_gmt":"2021-05-23T12:15:55","guid":{"rendered":"http:\/\/modumpistolklubb.no\/?page_id=167"},"modified":"2023-04-09T23:14:07","modified_gmt":"2023-04-09T22:14:07","slug":"skytetider-2021","status":"publish","type":"page","link":"https:\/\/www.modumpistolklubb.no\/index.php\/skytetider-2021\/","title":{"rendered":"Skytetider 2023"},"content":{"rendered":"\n<p>Skytetider for 2023:<br><br>Mandag &#8211; Fredag: 16:00 &#8211; 22:00<br>L\u00f8rdag &#8211; S\u00f8ndag: 09:00 &#8211; 21:00<br><br>Stengt for skyting f\u00f8lgende dager:<br><br><strong>Januar 2023:<\/strong><br>S\u00f8ndag 1. Januar: 1. Nytt\u00e5rsdag<br><br><strong>April 2023:<\/strong><br>Torsdag 6. april: Skj\u00e6rtorsdag<br>Fredag 7. april: Langfredag<br>S\u00f8ndag 9. april: 1. p\u00e5skedag<br>Mandag 10. april: 2. p\u00e5skedag<br><br><strong>Mai 2023:<\/strong><br>Mandag 1. mai: Arbeidernes dag \u2013 offentlig h\u00f8ytidsdag<br>Onsdag 17. mai: Grunnlovsdagen<br>Torsdag 18. mai: Kristi Himmelfartsdag<br>S\u00f8ndag 28. mai: 1. pinsedag<br>Mandag 94. mai:\u00a02. pinsedag<br><br><strong>Desember 2023:<\/strong><br>Mandag 25. desember: 1. juledag<br>Tirsdag 26. desember: 2. juledag<\/p>\n","protected":false},"excerpt":{"rendered":"<p>Skytetider for 2023: Mandag &#8211; Fredag: 16:00 &#8211; 22:00L\u00f8rdag &#8211; S\u00f8ndag: 09:00 &#8211; 21:00 Stengt for skyting f\u00f8lgende dager: Januar 2023:S\u00f8ndag 1. Januar: 1. Nytt\u00e5rsdag &hellip; <\/p>\n","protected":false},"author":1,"featured_media":0,"parent":0,"menu_order":0,"comment_status":"closed","ping_status":"closed","template":"","meta":{"footnotes":""},"class_list":["post-167","page","type-page","status-publish","hentry"],"_links":{"self":[{"href":"https:\/\/www.modumpistolklubb.no\/index.php\/wp-json\/wp\/v2\/pages\/167","targetHints":{"allow":["GET"]}}],"collection":[{"href":"https:\/\/www.modumpistolklubb.no\/index.php\/wp-json\/wp\/v2\/pages"}],"about":[{"href":"https:\/\/www.modumpistolklubb.no\/index.php\/wp-json\/wp\/v2\/types\/page"}],"author":[{"embeddable":true,"href":"https:\/\/www.modumpistolklubb.no\/index.php\/wp-json\/wp\/v2\/users\/1"}],"replies":[{"embeddable":true,"href":"https:\/\/www.modumpistolklubb.no\/index.php\/wp-json\/wp\/v2\/comments?post=167"}],"version-history":[{"count":2,"href":"https:\/\/www.modumpistolklubb.no\/index.php\/wp-json\/wp\/v2\/pages\/167\/revisions"}],"predecessor-version":[{"id":616,"href":"https:\/\/www.modumpistolklubb.no\/index.php\/wp-json\/wp\/v2\/pages\/167\/revisions\/616"}],"wp:attachment":[{"href":"https:\/\/www.modumpistolklubb.no\/index.php\/wp-json\/wp\/v2\/media?parent=167"}],"curies":[{"name":"wp","href":"https:\/\/api.w.org\/{rel}","templated":true}]}}